w(1)?
4
Suppose -z + 0*z + 51 = -2*j, -2*z + 46 = -2*j. Let d = 37 - j. What is the tens digit of d?
6
Let y = -125 - -557. What is the tens digit of y?
3
Let t(r) = -3*r + 24. Let b be t(8). What is the units digit of b - (-339)/(-1 + 4)?
3
Let y(p) = 2*p - 21. Let g be y(7). What is the units digit of (-7)/g + 45 + -2 + 1?
5
Suppose -629 = -3*s - 14. What is the units digit of s?
5
Let a(r) = -549*r + 22. What is the thousands digit of a(-5)?
2
Suppose -5*r = -g + 261, 0*g = 5*r + 4*g + 256. What is the units digit of r/(-13) + 122/2?
5
Let t = -7 - -5. Let s be 10/(-20) - 3/t. Let g = s - -13. What is the tens digit of g?
1
Let l be 2/(-6) + 2/(-3). Let m(a) = -7*a - 2. Let g be m(l). Suppose 0*r = -g*w - 3*r + 25, r - 25 = -5*w. What is the units digit of w?
5
Suppose 4*o + 120 + 112 = 0. Let x = o - -1. What is the tens digit of 2*-2 - (x + 12)?
4
Let y = 61 + -57. Suppose 4*m - 2*m - 36 = o, 9 = m + y*o. What is the units digit of m?
7
What is the hundreds digit of (-60)/12 - 3*(-812)/6?
4
Suppose 5*u + k - 327 = 0, -k - 2*k + 6 = 0. Suppose -5*w = 5*f - u, -26 = -f - f + 3*w. What is the units digit of f?
3
Let q = 7 + 0. Suppose i - 3*w - 15 = 0, -4*i + 5 = -3*i - 5*w. Let s = q + i. What is the units digit of s?
7
Let w(x) = 2*x + 16. Suppose -8*n = -19 + 67. What is the units digit of w(n)?
4
Let x = -49 + 41. What is the tens digit of (-23)/(-2)*(10 + x)?
2
Suppose -4*y + 19 = -33. Suppose 118 = 3*t - 5*x + y, 4*t + 2*x = 140. What is the units digit of t?
5
Let o = 17 - -877. Suppose -3*s + 281 = 3*d - 250, 5*s - 4*d - o = 0. What is the units digit of s?
8
Let o(z) = 17*z**3 + 10*z**2 - 30*z - 17. What is the thousands digit of o(4)?
1
Suppose -3*a - 2*h = -6512 + 777, 4*a = h + 7643. What is the units digit of a?
1
Suppose -35*r + 39941 = -19979. What is the hundreds digit of r?
7
Let r(p) = -p - 3. Let v be r(-8). Suppose 4*n + o - 53 - 170 = 0, -v*n + 276 = 4*o. What is the tens digit of n?
5
Let y(k) = 29 + 35 - 57 + 4*k. Let u be y(-3). What is the units digit of ((-4)/u)/((-12)/(-570))?
8
Suppose 0 = -3*d + 3*r + 371 + 151, 4*r = d - 189. Let f = 253 - d. Suppose n = 5*n - f. What is the units digit of n?
1
Let k(c) = 17*c**2 + 2*c + 2. Let w be k(-1). Suppose 0 = -5*j + 6 - 1, -3*z + 2*j - w = 0. What is the units digit of z + 6 + -1 + 2?
2
Let v(q) be the first derivative of -q**3/3 - 4*q**2 - 9*q - 6. Let l be v(-6). What is the units digit of l + -3 - 3*-13?
9
What is the units digit of 9/3 + -6 - -671?
8
Let g(n) = n**2 + 7*n - 13. Suppose 9 = -q - 3*a, 8*a - 9 = q + 3*a. What is the units digit of g(q)?
5
Let v(a) = 5*a**2 - 29*a - 50. What is the tens digit of v(22)?
3
Let r(o) = 36*o**3 + 4*o - 6 - 14*o**2 - 35*o**3 + 3*o**2. What is the tens digit of r(11)?
3
Suppose 5*r - 9*n + 5*n = 31, -3*r + 3*n + 21 = 0. Suppose -f - 4 = -2*f. Suppose f*x + a = 59 + 28, -r*x + 3*a = -54. What is the tens digit of x?
2
Suppose -2422 + 9118 = 9*s. What is the hundreds digit of s?
7
Let c = 6183 + -4007. What is the thousands digit of c?
2
Let l = -275 + 306. What is the tens digit of l?
3
Suppose v - 8 = 110. What is the tens digit of v/5 - 18/30?
2
Let x(b) = 2*b + 9. Let m be x(-11). Let y(z) = z**2 + 12*z - 8. Let a be y(m). Let d(n) = -n**3 + 6*n**2 - n + 7. What is the tens digit of d(a)?
2
Suppose -76*i + 86*i - 24140 = 0. What is the thousands digit of i?
2
Suppose -5*m + 18 - 3 = 0. Let k be 1*m - (-15 - -12). Let r = 0 + k. What is the units digit of r?
6
Suppose 0 = -2*n - 2*n - 2*x + 28, 5*n + 4*x = 41. What is the units digit of n?
5
Let d be 21*((4 - 1) + -2). Suppose d*u = 19*u + 76. What is the units digit of u?
8
Let v(q) = q**3 - 7*q**2 - q - 2. Let z(a) = -8*a**2 - a - 3. Let u(p) = 4*v(p) - 3*z(p). What is the units digit of u(3)?
0
Let k = -387 - -807. What is the hundreds digit of k?
4
Suppose 8*k - 1471 - 89 = 0. Suppose -2*l + 3*u + 2*u = -k, 0 = 5*l - u - 499. What is the tens digit of l?
0
Let p = 64 - 58. Suppose -p*w - w + 189 = 0. What is the tens digit of w?
2
Let k(f) = f**2 - 10*f - 15. Let x(w) = w**3 - w**2 - 4*w - 1. Let a be x(3). Suppose 0 = 3*g - 44 + a. What is the tens digit of k(g)?
2
Suppose 5663 = 2*z - f, 9*f = -3*z + 7*f + 8491. What is the thousands digit of z?
2
Let u = 9 + -5. Let c(m) = -5 - u - 11 + 0*m - 4*m. What is the units digit of c(-8)?
2
Suppose -4*n = 2*h + 36, 0*n + 2*n - 2*h = -24. Let k be (-17 + 8)*n/3. Suppose 0*u = -5*u - 5*f + 40, 5*f + k = 2*u. What is the tens digit of u?
1
Let c(b) = -b**3 - 5*b + 0*b**3 - 5*b**2 + 2*b**2 + 6 - 3*b**2. What is the units digit of c(-8)?
4
Suppose -2*r - b = -2630, -r + 4*r + 5*b - 3945 = 0. What is the hundreds digit of r?
3
Let k(b) be the second derivative of -b**5/120 + 7*b**4/8 + b**3/2 - 10*b. Let z(m) be the second derivative of k(m). What is the tens digit of z(9)?
1
Suppose -1 = -2*a + 3*k + 5, 28 = -4*a - 4*k. Let l be 2/((-2)/a) + 1. Let j(s) = -s**3 + 4*s**2 + 5*s - 5. What is the units digit of j(l)?
5
Let c be 16/(-88) - 20/11. What is the units digit of c + 13 + 4/(-1)?
7
Suppose -2*i + 6*i - 8782 = 5*j, 5*i - 4*j = 10982. What is the units digit of i?
8
Suppose 3*h - 3621 = -13*r + 16*r, 2*r = 4*h - 4832. What is the thousands digit of h?
1
Let u(z) = -z**3 - 9*z**2 - 6*z. Let w be u(-8). Let q = w + 66. What is the units digit of q?
0
Suppose 5*w + 4883 = 7*w + 5*s, -w = 5*s - 2434. What is the tens digit of w?
4
Let g(y) = 13*y - 12. Let b be g(8). Let r be 3/(-12) - (-42)/8. Suppose -r + b = 3*i. What is the tens digit of i?
2
Let v(z) = 23*z**2 - 2*z - 1. Let h(w) = -w**2. Let o(n) = 4*h(n) + v(n). Suppose -d + 9*d = -8. What is the tens digit of o(d)?
2
Suppose -3*f = 14*f - 14229. What is the hundreds digit of f?
8
Suppose 0 = -0*j + 3*j + 3*i - 54, 3*j = 4*i + 54. Let d = 14 - j. What is the tens digit of d/(-28) + 152/14?
1
Suppose 898 = 553*v - 551*v. What is the units digit of v?
9
Let l(z) be the first derivative of -1/3*z**3 - 11*z + 7 + 15/2*z**2. What is the units digit of l(10)?
9
Let c(m) = -59*m - 5. Let n be c(-12). Suppose 0 = -3*z - 2*l + n, 5*l = -2*z - 0*z + 465. What is the tens digit of z?
3
What is the tens digit of (20/(-60))/(2/12) + 81?
7
Suppose 0 = 6*v - v, -b - 5*v + 824 = 0. What is the hundreds digit of b?
8
Let m(q) be the first derivative of q**4/2 + q**3/3 + q**2 + 2*q + 27. What is the tens digit of m(3)?
7
Suppose -60*i = -81915 - 57525. What is the tens digit of i?
2
Let h = 23 + 319. What is the units digit of h?
2
Let y(i) = i**3 + 42*i**2 + 57*i + 57. What is the units digit of y(-37)?
3
Let u be (5/(-15))/(2/12). What is the tens digit of (u + -3)*44/(-20)?
1
Let f(j) be the first derivative of j**3/3 - 6*j + 8. What is the tens digit of f(-7)?
4
Suppose 3*a - 2*c = -35, 4*c = 4*a + 69 - 21. Let v = a + 1. What is the units digit of 1 + v/2*-2?
1
Let u be (-4)/(-2)*(-2)/(-4). Let t = 276 - 250. What is the units digit of u*(t + 0 + 3)?
9
Let j be 1 + 3/((-12)/(-8)). Let h(p) = -p**3 + 4*p**2 + 3*p - 4. What is the tens digit of h(j)?
1
Let m(o) = 13*o - 4. Let b be m(6). Suppose y + 3*x - 19 = b, 2*x - 478 = -5*y. Suppose 3*j - 48 - y = 0. What is the units digit of j?
8
Let a(u) be the second derivative of -13*u**3/2 + u**2/2 - 3*u. Let m be a(-3). Suppose 5*p - m = -23. What is the units digit of p?
9
Suppose 30*t = 23*t + 8589. What is the tens digit of t?
2
Let k(s) = 878*s - 609. What is the thousands digit of k(4)?
2
Suppose -97*t - 5*j = -96*t - 508, j = -5*t + 2492. What is the units digit of t?
8
Let r = -51 - -177. What is the hundreds digit of r?
1
What is the tens digit of -9 + 22748/60 + 2/(-15)?
7
Let b be (-14)/49 + 1087/7. Let h = -68 + b. What is the tens digit of h?
8
Let r(q) = -3 + 17*q**2 + 2*q**3 - 3*q - 19*q**2 + 7*q. What is the units digit of r(3)?
5
Suppose -5*g + 2*g = -9. Suppose -g*x + 15 = -3*f, 5*f + 6*x = x + 25. Let a = 1 - f. What is the units digit of a?
1
Let z(n) = -n**3 - 2*n**2 + n - 27. What is the units digit of z(-6)?
1
Suppose 0 = 2*d - 4*a - 10, -2*d + 2*a + 2 + 10 = 0. Let q = d - 36. Let p = 44 + q. What is the tens digit of p?
1
What is the units digit of 2/2*-1822*7/(-14)?
1
Suppose z + 1 + 11 = 0. Let l(t) = t**3 + 13*t**2 + 11*t + 12. What is the units digit of l(z)?
4
Suppose -4*v + 8 = 0, 4*v + 307 + 109 = -2*t. Let w